{"id":2,"date":"2015-04-24T20:51:24","date_gmt":"2015-04-24T20:51:24","guid":{"rendered":"http:\/\/www.aerotd.com.br\/blog\/?page_id=2"},"modified":"2017-08-29T18:57:13","modified_gmt":"2017-08-29T20:57:13","slug":"oque-e-o-blog","status":"publish","type":"page","link":"https:\/\/site.aerotd.com.br\/decoleseufuturo\/oque-e-o-blog\/","title":{"rendered":"O que \u00e9 o Blog?"},"content":{"rendered":"<div id=\"pl-2\"  class=\"panel-layout\" ><div id=\"pg-2-0\"  class=\"panel-grid panel-has-style\" ><div class=\"siteorigin-panels-stretch panel-row-style panel-row-style-for-2-0\" data-stretch-type=\"full\" ><div id=\"pgc-2-0-0\"  class=\"panel-grid-cell\" ><div id=\"panel-2-0-0-0\" class=\"so-panel widget widget_sow-image panel-first-child panel-last-child\" data-index=\"0\" ><div\n\t\t\t\n\t\t\tclass=\"so-widget-sow-image so-widget-sow-image-default-c67d20f9f743-2\"\n\t\t\t\n\t\t>\n<div class=\"sow-image-container\">\n\t\t<img \n\tsrc=\"https:\/\/site.aerotd.com.br\/decoleseufuturo\/wp-content\/uploads\/2015\/04\/blog-decole-seu-futuro-aerotd-2017-02.jpg\" width=\"1100\" height=\"380\" srcset=\"https:\/\/site.aerotd.com.br\/decoleseufuturo\/wp-content\/uploads\/2015\/04\/blog-decole-seu-futuro-aerotd-2017-02.jpg 1100w, https:\/\/site.aerotd.com.br\/decoleseufuturo\/wp-content\/uploads\/2015\/04\/blog-decole-seu-futuro-aerotd-2017-02-300x104.jpg 300w, https:\/\/site.aerotd.com.br\/decoleseufuturo\/wp-content\/uploads\/2015\/04\/blog-decole-seu-futuro-aerotd-2017-02-768x265.jpg 768w, https:\/\/site.aerotd.com.br\/decoleseufuturo\/wp-content\/uploads\/2015\/04\/blog-decole-seu-futuro-aerotd-2017-02-1024x354.jpg 1024w, https:\/\/site.aerotd.com.br\/decoleseufuturo\/wp-content\/uploads\/2015\/04\/blog-decole-seu-futuro-aerotd-2017-02-520x180.jpg 520w, https:\/\/site.aerotd.com.br\/decoleseufuturo\/wp-content\/uploads\/2015\/04\/blog-decole-seu-futuro-aerotd-2017-02-740x256.jpg 740w\" sizes=\"(max-width: 1100px) 100vw, 1100px\" alt=\"\" \t\tclass=\"so-widget-image\"\/>\n\t<\/div>\n\n<\/div><\/div><\/div><\/div><\/div><div id=\"pg-2-1\"  class=\"panel-grid panel-no-style\" ><div id=\"pgc-2-1-0\"  class=\"panel-grid-cell\" ><div id=\"panel-2-1-0-0\" class=\"so-panel widget widget_sow-editor panel-first-child panel-last-child\" data-index=\"1\" ><div\n\t\t\t\n\t\t\tclass=\"so-widget-sow-editor so-widget-sow-editor-base\"\n\t\t\t\n\t\t>\n<div class=\"siteorigin-widget-tinymce textwidget\">\n\t<p><span style=\"font-family: Roboto, sans-serif;\">Este blog foi criado para orientar, ajudar e auxiliar voc\u00ea estudante, profissional atuante e principalmente, um amante da avia\u00e7\u00e3o.<\/span><\/p>\n<p><span style=\"font-family: Roboto, sans-serif;\">Passamos a maior parte do nosso tempo coletando informa\u00e7\u00f5es e compilando nosso conhecimento e experi\u00eancia para trazer um entendimento um pouco mais apurado sobre esse fant\u00e1stico mundo idealizado por Santos Dumont, ou seria pelos irm\u00e3os Wright? O que vale aqui \u00e9 justamente fazer todos os levantamentos para enriquecer os conceitos e a informa\u00e7\u00e3o, conectar v\u00e1rias fontes e fazer um par\u00e2metro sobre diferentes opini\u00f5es.<\/span><\/p>\n<p><span style=\"font-family: Roboto, sans-serif;\">Afinal, o mundo da avia\u00e7\u00e3o est\u00e1 em constante transforma\u00e7\u00e3o e evolu\u00e7\u00e3o. O mais poderoso desse blog n\u00e3o \u00e9 a tecnologia; \u00e9 a comunidade em massa que \u00e9 criada por ele. Nele, voc\u00ea tamb\u00e9m poder\u00e1 expressar suas ideias, experi\u00eancias e as informa\u00e7\u00f5es que obt\u00e9m em seus campos de interesse tornando-o um grande f\u00f3rum de discuss\u00f5es.<\/span><\/p>\n<p><span style=\"font-family: Roboto, sans-serif;\"><strong>Este blog \u00e9 dividido em cinco partes:<\/strong><\/span><\/p>\n<ol>\n<li><span style=\"font-family: Roboto, sans-serif;\"><strong>Avia\u00e7\u00e3o em foco:<\/strong> not\u00edcias e coment\u00e1rios sobre o que est\u00e1 sendo investido no fortalecimento dos setores da avia\u00e7\u00e3o comercial, executiva, offshore e demais \u00e1reas, entrevistas e posicionamentos de \u00f3rg\u00e3os competentes;<\/span><\/li>\n<li><span style=\"font-family: Roboto, sans-serif;\"><strong>Carreiras na Avia\u00e7\u00e3o:<\/strong> \u00e1reas de atua\u00e7\u00e3o, d\u00favidas sobre as profiss\u00f5es.<\/span><\/li>\n<li><span style=\"font-family: Roboto, sans-serif;\"><strong>Sala de Aula:<\/strong> como funcionam os cursos t\u00e9cnicos, profissionalizantes e superiores; o que h\u00e1 de novo sobre forma\u00e7\u00e3o profissional, v\u00eddeos aulas, macetes e artigos.<\/span><\/li>\n<li><span style=\"font-family: Roboto, sans-serif;\"><strong>Entretenimento:<\/strong> casos, fotos e v\u00eddeos de pessoas que j\u00e1 atuam na avia\u00e7\u00e3o, assim como hist\u00f3rias curiosas e engra\u00e7adas.<\/span><\/li>\n<li><span style=\"font-family: Roboto, sans-serif;\"><strong>V\u00eddeos:<\/strong> <\/span>\n<\/li>\n<\/ol>\n<p><span style=\"font-family: Roboto, sans-serif;\">A ideia principal \u00e9 estimular o h\u00e1bito de voar, planejando, implementando e apoiando as a\u00e7\u00f5es e programas que promovam o crescimento da avia\u00e7\u00e3o civil de forma consistente e sustent\u00e1vel, tanto para o transporte de passageiros como para o de cargas e principalmente, promover a sua participa\u00e7\u00e3o com a opini\u00f5es e experi\u00eancias.<\/span><\/p>\n<p><span style=\"font-family: Roboto, sans-serif;\">Objetivo<\/span><\/p>\n<p><span style=\"font-family: Roboto, sans-serif;\">Conhecer melhor o p\u00fablico da avia\u00e7\u00e3o e consequentemente, tornar a sua timeline mais atraente! Isso mesmo, hoje o conte\u00fado \u00e9 a nova moeda, a conex\u00e3o e a informa\u00e7\u00e3o s\u00e3o importantes vantagens competitivas e este blog est\u00e1 conectado \u00e0s principais redes sociais para voc\u00ea ficar por dentro de tudo o que acontece. Al\u00e9m dos relacionamentos, voc\u00ea poder\u00e1 analisar as ferramentas para o seu uso profissional.<\/span><\/p>\n<p><span style=\"font-family: Roboto, sans-serif;\">Ent\u00e3o d\u00ea a sua opini\u00e3o sobre os fatos, siga, curta e compartilhe!<\/span><\/p>\n<p><span style=\"font-family: Roboto, sans-serif;\">Seja bem-vindo a este portal de informa\u00e7\u00f5es feito pra voc\u00ea! Aproveite!<\/span><\/p>\n<p><span style=\"font-family: Roboto, sans-serif;\">#aerotd #decoleseufuturo<\/span><\/p>\n<\/div>\n<\/div><\/div><\/div><\/div><\/div>","protected":false},"excerpt":{"rendered":"<p>Este blog foi criado para orientar, ajudar e auxiliar voc\u00ea estudante, profissional atuante e principalmente, um amante da avia\u00e7\u00e3o.Passamos a maior parte do nosso tempo coletando informa\u00e7\u00f5es e compilando nosso conhecimento e experi\u00eancia para trazer<a class=\"read-more\" href=\"https:\/\/site.aerotd.com.br\/decoleseufuturo\/oque-e-o-blog\/\">Leia mais<\/a><\/p>\n","protected":false},"author":1,"featured_media":0,"parent":0,"menu_order":0,"comment_status":"closed","ping_status":"closed","template":"page-templates\/page_fullwidth.php","meta":{"footnotes":""},"yoast_head":"<!-- This site is optimized with the Yoast SEO plugin v14.9 - https:\/\/yoast.com\/wordpress\/plugins\/seo\/ -->\n<title>O que \u00e9 o Blog? - Decole seu Futuro<\/title>\n<meta name=\"robots\" content=\"index, follow, max-snippet:-1, max-image-preview:large, max-video-preview:-1\" \/>\n<link rel=\"canonical\" href=\"https:\/\/www.aerotd.com.br\/decoleseufuturo\/oque-e-o-blog\/\" \/>\n<meta property=\"og:locale\" content=\"pt_BR\" \/>\n<meta property=\"og:type\" content=\"article\" \/>\n<meta property=\"og:title\" content=\"O que \u00e9 o Blog? - Decole seu Futuro\" \/>\n<meta property=\"og:description\" content=\"Este blog foi criado para orientar, ajudar e auxiliar voc\u00ea estudante, profissional atuante e principalmente, um amante da avia\u00e7\u00e3o.Passamos a maior parte do nosso tempo coletando informa\u00e7\u00f5es e compilando nosso conhecimento e experi\u00eancia para trazerLeia mais\" \/>\n<meta property=\"og:url\" content=\"https:\/\/www.aerotd.com.br\/decoleseufuturo\/oque-e-o-blog\/\" \/>\n<meta property=\"og:site_name\" content=\"Decole seu Futuro\" \/>\n<meta property=\"article:modified_time\" content=\"2017-08-29T20:57:13+00:00\" \/>\n<meta property=\"og:image\" content=\"http:\/\/www.aerotd.com.br\/decoleseufuturo\/wp-content\/uploads\/2015\/04\/blog-decole-seu-futuro-aerotd-2017-02.jpg\" \/>\n<meta name=\"twitter:card\" content=\"summary\" \/>\n<script type=\"application\/ld+json\" class=\"yoast-schema-graph\">{\"@context\":\"https:\/\/schema.org\",\"@graph\":[{\"@type\":\"WebSite\",\"@id\":\"https:\/\/site.aerotd.com.br\/decoleseufuturo\/#website\",\"url\":\"https:\/\/site.aerotd.com.br\/decoleseufuturo\/\",\"name\":\"Decole seu Futuro\",\"description\":\"Este \\u00e9 o seu blog sobre avia\\u00e7\\u00e3o\",\"potentialAction\":[{\"@type\":\"SearchAction\",\"target\":\"https:\/\/site.aerotd.com.br\/decoleseufuturo\/?s={search_term_string}\",\"query-input\":\"required name=search_term_string\"}],\"inLanguage\":\"pt-BR\"},{\"@type\":\"ImageObject\",\"@id\":\"https:\/\/www.aerotd.com.br\/decoleseufuturo\/oque-e-o-blog\/#primaryimage\",\"inLanguage\":\"pt-BR\",\"url\":\"http:\/\/www.aerotd.com.br\/decoleseufuturo\/wp-content\/uploads\/2015\/04\/blog-decole-seu-futuro-aerotd-2017-02.jpg\"},{\"@type\":\"WebPage\",\"@id\":\"https:\/\/www.aerotd.com.br\/decoleseufuturo\/oque-e-o-blog\/#webpage\",\"url\":\"https:\/\/www.aerotd.com.br\/decoleseufuturo\/oque-e-o-blog\/\",\"name\":\"O que \\u00e9 o Blog? - Decole seu Futuro\",\"isPartOf\":{\"@id\":\"https:\/\/site.aerotd.com.br\/decoleseufuturo\/#website\"},\"primaryImageOfPage\":{\"@id\":\"https:\/\/www.aerotd.com.br\/decoleseufuturo\/oque-e-o-blog\/#primaryimage\"},\"datePublished\":\"2015-04-24T20:51:24+00:00\",\"dateModified\":\"2017-08-29T20:57:13+00:00\",\"inLanguage\":\"pt-BR\",\"potentialAction\":[{\"@type\":\"ReadAction\",\"target\":[\"https:\/\/www.aerotd.com.br\/decoleseufuturo\/oque-e-o-blog\/\"]}]}]}<\/script>\n<!-- \/ Yoast SEO plugin. -->","_links":{"self":[{"href":"https:\/\/site.aerotd.com.br\/decoleseufuturo\/wp-json\/wp\/v2\/pages\/2"}],"collection":[{"href":"https:\/\/site.aerotd.com.br\/decoleseufuturo\/wp-json\/wp\/v2\/pages"}],"about":[{"href":"https:\/\/site.aerotd.com.br\/decoleseufuturo\/wp-json\/wp\/v2\/types\/page"}],"author":[{"embeddable":true,"href":"https:\/\/site.aerotd.com.br\/decoleseufuturo\/wp-json\/wp\/v2\/users\/1"}],"replies":[{"embeddable":true,"href":"https:\/\/site.aerotd.com.br\/decoleseufuturo\/wp-json\/wp\/v2\/comments?post=2"}],"version-history":[{"count":74,"href":"https:\/\/site.aerotd.com.br\/decoleseufuturo\/wp-json\/wp\/v2\/pages\/2\/revisions"}],"predecessor-version":[{"id":2960,"href":"https:\/\/site.aerotd.com.br\/decoleseufuturo\/wp-json\/wp\/v2\/pages\/2\/revisions\/2960"}],"wp:attachment":[{"href":"https:\/\/site.aerotd.com.br\/decoleseufuturo\/wp-json\/wp\/v2\/media?parent=2"}],"curies":[{"name":"wp","href":"https:\/\/api.w.org\/{rel}","templated":true}]}}